n, 4*n - p - 20 = 138. What is the tens digit of n?
3
Suppose 3*d + 3*w + 1 + 2 = 0, -3*d = -4*w - 11. What is the units digit of d?
1
Let d be 3 + (1 - 51) - 1. Suppose -2*p - 168 = 5*j, -3*j - 5 = 4*p + 93. Let o = j - d. What is the units digit of o?
4
Let u(i) = -i**3 - 8*i**2 - 6*i - 8. What is the units digit of u(-8)?
0
Suppose -9*h = h - 280. What is the tens digit of h?
2
Let d = -9 + 51. What is the tens digit of d?
4
Let o(z) = -z**3 + 8*z**2 - 6*z + 2. Let m be o(7). Let q = -13 - m. Let t = -16 - q. What is the units digit of t?
6
Let o(l) = -l**3 - l - 2. Let r be o(0). Suppose -x - 2 = -8. What is the units digit of (x/(-15))/(r/5)?
1
Let h(g) be the second derivative of g**7/2520 - g**6/120 - 3*g**5/40 + g**4/6 - g. Let a(j) be the third derivative of h(j). What is the units digit of a(8)?
7
Let b(c) = c + 1. Let z(q) = 11*q**2 - 3*q. Let v(k) = -b(k) - z(k). Let o be v(1). Let t = o - -16. What is the units digit of t?
6
Suppose 0 = -13*b + 8*b + 25. What is the units digit of b?
5
Let g(l) = -l**2 + 7*l - 2. Let u be g(8). Let r(q) = 2*q - 1. Let n be r(-6). Let a = u - n. What is the units digit of a?
3
Let h(v) = 3*v**2 + v. Let c(a) = 13*a**2 + 5*a. Let y(s) = -2*c(s) + 9*h(s). Let b be y(-1). What is the tens digit of (-3)/(b - 69/30)?
1
Suppose 4*s = -5*r - 3, -12 = -3*r + 5*s + 1. Let w = r - -2. Suppose w + 27 = 5*u. What is the units digit of u?
6
Let j = -84 + 119. What is the units digit of j?
5
Let u(i) = -1. Let c(z) = -2*z - 8. Let n(h) = -c(h) + 8*u(h). What is the units digit of n(4)?
8
Suppose 2*v + 10 = -12. Let y = v + 20. What is the units digit of y?
9
What is the tens digit of (4/6)/(3/279)?
6
Let f(m) = 3*m + 5. Let j(c) = 6*c + 11. Let r(g) = 7*f(g) - 3*j(g). What is the tens digit of r(6)?
2
Suppose 3*u - 4*y - 52 = -2*u, 68 = 5*u + 4*y. What is the units digit of (-2)/u - (-111)/18?
6
Let d = 7 + -7. Suppose -s - s + 20 = d. What is the tens digit of s?
1
Let i be ((-2)/6)/(9/54). What is the tens digit of ((-72)/21)/(i/14)?
2
Suppose 0 = -2*b + 6, y - 4 + 29 = b. What is the units digit of y/(-3) + 18/27?
8
Let k(x) = -16*x - 1. Let n be k(-5). Suppose 4*i + 27 = n. What is the tens digit of i?
1
Let r be 1 + (0 - 0 - -2). Suppose r*i + q - 11 = 0, 17 = 7*i - 2*i + 3*q. What is the units digit of (-3)/12 + 5/i?
1
Let q = -1 + 3. Let b = q - -3. What is the units digit of b?
5
Let r(a) = 13*a**2 - 1. Let f be r(-1). Let g = -3 + 2. Let z = f - g. What is the tens digit of z?
1
What is the units digit of (-22 - -1)*4/(-6)?
4
Suppose 80 = 4*g + 3*w + 2*w, -g = -5*w - 20. What is the tens digit of g?
2
Let f = 0 + 7. Let y = 1 + f. What is the units digit of y?
8
Let s = 73 - 50. What is the units digit of s?
3
Suppose -n - 4 = 0, -m + 0*m + 6 = -n. Suppose -4*b - m*r = -43 - 19, b - 5*r = 43. What is the units digit of b?
8
Suppose -n - 7 + 0 = 0. Let g = 0 - n. What is the units digit of g?
7
Let a be (-3)/(-9) + 17/3. Let y(u) = 2*u + 3. Let g be y(a). Suppose -5*t = -5*h + 20, 0 = -0*h - 3*h + g. What is the units digit of t?
1
Suppose -5*a - t = -12, -6*a + 2*a + 4*t = 0. Let s be (a - 1) + (-2 - -1). Suppose -2*h + 16 = 4*v, 3*v - 4*h + s - 1 = 0. What is the units digit of v?
3
Let l(b) = b**2 - 4*b + 3. Let o be l(4). Let y = o - 0. Suppose v - 12 = y*n, v - 6*v + n + 18 = 0. What is the units digit of v?
3
Let y(f) = 2*f**2 - f + 2. Let i be y(2). Let a = i - 6. Suppose -5*t + 45 = 5*z, 6*t = a*t + 4*z + 20. What is the units digit of t?
7
Let n(g) = 3*g**2 + 8*g + 13. What is the units digit of n(-6)?
3
Let p(x) = x**2 + 2*x - 14. What is the units digit of p(-13)?
9
Suppose 0 = 2*g - 4*w - 84, -w + 155 = 5*g - 66. Suppose 3*l - 4*i = 38, g = -l + 6*l + 3*i. What is the tens digit of l?
1
Suppose 4*j = 171 + 113. What is the units digit of j?
1
Let d(b) = b**3 + 24*b**2 - 61*b - 5. What is the hundreds digit of d(-26)?
2
Let g(f) = 6*f - 11. What is the tens digit of g(11)?
5
Suppose -5*w - 16 + 276 = 0. What is the tens digit of w?
5
Let r = 11 + 17. What is the tens digit of r?
2
Let o(g) = -15*g + 6. What is the units digit of o(-2)?
6
Suppose -79 = 7*y - 8*y. What is the tens digit of y?
7
Suppose -x - x - 14 = 0. Let h = 8 - x. What is the units digit of h?
5
Suppose -2*u = -2*f - 7*u - 27, 0 = -3*u - 9. Let x = -16 + 1. Let o = f - x. What is the units digit of o?
9
Suppose -13 = 3*v - 196. What is the units digit of v?
1
Suppose -3*d + 30 = 3*m, 2*d - 24 = -d + 3*m. What is the units digit of d?
9
Let b be (391 - -3)*1/(-2). What is the tens digit of b/(-6) + (-2)/(-12)?
3
Suppose 2*y - 347 = -y - 2*p, -5*y - 4*p + 575 = 0. What is the hundreds digit of y?
1
Let c(x) = -x**3 - 3*x**2 - 3*x - 4. Let k be c(-3). Let u(y) be the first derivative of -y**2/2 + 6*y - 2. What is the units digit of u(k)?
1
Suppose v - 6 = 4. Let i = v - -19. What is the units digit of i?
9
What is the hundreds digit of (4 - 52/16)/(1/308)?
2
Let l(y) = y**2 + 2*y + 2. Suppose -1 = 2*w + 3. Let h be l(w). Let p = h - -2. What is the units digit of p?
4
Suppose 504 = 9*k - k. What is the units digit of k?
3
Let b = -15 + 32. What is the tens digit of b?
1
Suppose -21 = -2*o - o. Let x = o - 1. What is the units digit of x?
6
Suppose 2*j = 3*j - 41. What is the tens digit of j?
4
Suppose 0 = 2*i + 5*t - 28, 0*i - 5*i = -t - 16. Let m(l) = l**2 + l - 1. Let u(c) = 4*c**2 + c - 3. Let d(o) = -3*m(o) + u(o). What is the units digit of d(i)?
8
Let a(p) = -p - 1. Let w be a(-4). Suppose 3*n + 14 - 61 = 4*g, w*g + 60 = 5*n. What is the units digit of n?
9
Let j(k) = -k**3 + 4*k**2 + k - 2. Let d be j(4). Suppose -3*x = 4*p - 4, d*x - 5 = x - 5*p. Let r(s) = s + 4. What is the units digit of r(x)?
4
Let d = 8 - 2. Suppose 2*c = -5*m + 9, -3*c - 4*m - d = -8*c. What is the units digit of c?
2
Let q be 1/4*-2*-6. Suppose -3*f - 2*k - 2*k = -13, -5*f + 18 = q*k. What is the units digit of f?
3
Let s be (4 + -7 + 3)/2. Suppose s = z - 5*z + 64. What is the units digit of z?
6
Let x(o) = -o**2 - 8*o - 6. Let b be x(-6). Let r = b + 3. What is the units digit of r?
9
Let b(p) = -11*p. Suppose 4*g = -5*h + 13 + 1, -3*h - 4*g = -10. Suppose 0 = t + 3*r + 5 + 5, h*r = -6. What is the units digit of b(t)?
1
Suppose -5*h = -h. Let c = 2 - h. What is the units digit of 6/3 + 10/c?
7
Let o be 68*((-21)/(-6))/7. Let g = o - 21. What is the tens digit of g?
1
Suppose 2*d + 2 = l - d, -7 = -l - 2*d. What is the units digit of l?
5
Let x = -205 - -207. What is the units digit of x?
2
Let o = 8 + -6. Suppose -o*m + 3*v = 2 - 5, -4*m = -v - 11. What is the units digit of m?
3
Suppose -2*v = 3*l - 5*l + 16, 5*v - 50 = -4*l. What is the units digit of l*(1 - 0)*1?
0
Suppose 3*a = -2*o + 2, 1 = 4*a + 5*o + 3. Suppose a*h = 5*w - 9 + 1, -h - 7 = -4*w. Suppose -w*x + 8 = -x. What is the units digit of x?
8
Suppose 5 = 5*p - 5*q, 3*p = -2*q + 4*q + 2. Suppose p*r = r, -5*r + 6 = n. Let t = -3 + n. What is the units digit of t?
3
Let m = -31 + 190. What is the tens digit of m?
5
Let c = 33 - 27. Let n(v) be the first derivative of v**4/4 - 2*v**3 + v**2 - 5*v - 1. What is the units digit of n(c)?
7
Suppose 5*d = k - 0*d - 63, k = -5*d + 63. What is the tens digit of k?
6
Suppose 136 = 3*q + q. What is the tens digit of q?
3
Suppose n = 3*b + 17, -b = 2*n + 4*b + 21. Let r(d) be the first derivative of -d**4/4 + 2*d**3 - 3*d**2/2 + d - 1. What is the tens digit of r(n)?
1
Suppose -16*v = -13*v - 105. What is the tens digit of v?
3
Let x(h) = -h**3 - 2*h**2 - 2*h - 1. Let g be (4/(-6))/(2/3). Let p be x(g). Suppose 0*z - z + 9 = p. What is the units digit of z?
9
Suppose 0 = -0*v - 4*v + 12. Let t(m) = 2*m**2 + 3*m + 4. What is the tens digit of t(v)?
3
What is the units digit of -2*(-2)/(-8)*(4 + -6)?
1
Let g(j) = 6*j**3 - j**2 - j + 2. What is the hundreds digit of g(3)?
1
Let c(r) = 2*r**2 - 4*r - 8. Let h be c(6). Let w be ((-48)/h)/((-3)/10). What is the units digit of w/14 + (-122)/(-14)?
9
What is the hundreds digit of 2/2*(-2 - -109)?
1
Let q be 26/(-4) - 2/4. Let u = q + 15. What is the units digit of u?
8
Let k(q) = 13*q**2. What is the tens digit of k(3)?
1
Let o(a) = a**3 + 7*a**2 - 4*a - 9. Let w be o(-7). Let r = w + -10. What is the units digit of r?
9
Suppose -o + 10 = -5. Suppose -o = -2*u - u. What is the units digit of u?
5
S